{"id":13,"date":"2025-06-06T17:46:55","date_gmt":"2025-06-06T15:46:55","guid":{"rendered":"https:\/\/selchow.de\/wp\/?page_id=13"},"modified":"2025-09-23T14:54:07","modified_gmt":"2025-09-23T12:54:07","slug":"hahn-storm-ug","status":"publish","type":"page","link":"https:\/\/selchow.de\/wp\/?page_id=13","title":{"rendered":"Hahn &amp; Storm Versicherungsmakler"},"content":{"rendered":"\n<figure class=\"wp-block-image size-full\"><img loading=\"lazy\" decoding=\"async\" width=\"445\" height=\"51\" src=\"https:\/\/selchow.de\/wp\/wp-content\/uploads\/2025\/06\/f36c844cd29b1134e8f5c93bbebb90cc.png\" alt=\"\" class=\"wp-image-92\" srcset=\"https:\/\/selchow.de\/wp\/wp-content\/uploads\/2025\/06\/f36c844cd29b1134e8f5c93bbebb90cc.png 445w, https:\/\/selchow.de\/wp\/wp-content\/uploads\/2025\/06\/f36c844cd29b1134e8f5c93bbebb90cc-300x34.png 300w\" sizes=\"auto, (max-width: 445px) 100vw, 445px\" \/><\/figure>\n\n\n\n<p>Hahn &amp; Storm Versicherungsmakler UG (haftungsbeschr\u00e4nkt)<\/p>\n\n\n\n<p><img loading=\"lazy\" decoding=\"async\" width=\"250\" height=\"250\" class=\"wp-image-89\" style=\"width: 250px;\" src=\"https:\/\/selchow.de\/wp\/wp-content\/uploads\/2025\/06\/Unbenannt.jpg\" alt=\"\" srcset=\"https:\/\/selchow.de\/wp\/wp-content\/uploads\/2025\/06\/Unbenannt.jpg 225w, https:\/\/selchow.de\/wp\/wp-content\/uploads\/2025\/06\/Unbenannt-150x150.jpg 150w\" sizes=\"auto, (max-width: 250px) 100vw, 250px\" \/> <br><strong>Holger Storm<\/strong><\/p>\n\n\n\n<p>Holger Storm gr\u00fcndete und f\u00fchrte den Versicherungsmakler viele Jahre.<\/p>\n\n\n\n<p>Er hat sich auf das Bauhaupt- und Baunebengewerbe spezialisiert und seine Kunden mit hoher Expertise umfassend beraten und betreut.<\/p>\n\n\n\n<p>Im Sommer 2025 war es an der Zeit die Unternehmensnachfolge umszusetzen und Herr Storm hat sich f\u00fcr unser Haus entschieden. Dar\u00fcber haben wir uns sehr gefreut.<\/p>\n\n\n\n<p>In den n\u00e4chsten Jahren wird Herr Storm an Board bleiben und sich auch weiterhin seine Kunden betreuen.<br><br>Dennoch wird das B\u00fcro und Jan Selchow parallel f\u00fcr die Kunden als Ansprechpartner zur Verf\u00fcgung stehen und eng mit Herrn Storm die Vorg\u00e4nge besprechen. <\/p>\n\n\n\n<p>Wir werden bei der Administration und Verwaltung mit unseren modernen Systemen \u00fcbernehmen. Der vollst\u00e4ndige \u00dcbergang und das Ausscheiden von Herrn Storm wird sich langsam vollziehen.<\/p>\n\n\n\n<p><\/p>\n","protected":false},"excerpt":{"rendered":"<p>Hahn &amp; Storm Versicherungsmakler UG (haftungsbeschr\u00e4nkt) Holger Storm Holger Storm gr\u00fcndete und f\u00fchrte den Versicherungsmakler [&hellip;]<\/p>\n","protected":false},"author":1,"featured_media":0,"parent":0,"menu_order":0,"comment_status":"closed","ping_status":"closed","template":"","meta":{"footnotes":""},"class_list":["post-13","page","type-page","status-publish","hentry"],"_links":{"self":[{"href":"https:\/\/selchow.de\/wp\/index.php?rest_route=\/wp\/v2\/pages\/13","targetHints":{"allow":["GET"]}}],"collection":[{"href":"https:\/\/selchow.de\/wp\/index.php?rest_route=\/wp\/v2\/pages"}],"about":[{"href":"https:\/\/selchow.de\/wp\/index.php?rest_route=\/wp\/v2\/types\/page"}],"author":[{"embeddable":true,"href":"https:\/\/selchow.de\/wp\/index.php?rest_route=\/wp\/v2\/users\/1"}],"replies":[{"embeddable":true,"href":"https:\/\/selchow.de\/wp\/index.php?rest_route=%2Fwp%2Fv2%2Fcomments&post=13"}],"version-history":[{"count":6,"href":"https:\/\/selchow.de\/wp\/index.php?rest_route=\/wp\/v2\/pages\/13\/revisions"}],"predecessor-version":[{"id":328,"href":"https:\/\/selchow.de\/wp\/index.php?rest_route=\/wp\/v2\/pages\/13\/revisions\/328"}],"wp:attachment":[{"href":"https:\/\/selchow.de\/wp\/index.php?rest_route=%2Fwp%2Fv2%2Fmedia&parent=13"}],"curies":[{"name":"wp","href":"https:\/\/api.w.org\/{rel}","templated":true}]}}

<figure class="wp-block-image size-full"><img loading="lazy" decoding="async" width="445" height="51" src="https://selchow.de/wp/wp-content/uploads/2025/06/f36c844cd29b1134e8f5c93bbebb90cc.png" alt="" class="wp-image-92" srcset="https://selchow.de/wp/wp-content/uploads/2025/06/f36c844cd29b1134e8f5c93bbebb90cc.png 445w, https://selchow.de/wp/wp-content/uploads/2025/06/f36c844cd29b1134e8f5c93bbebb90cc-300x34.png 300w" sizes="auto, (max-width: 445px) 100vw, 445px" /></figure>



<p>Hahn &amp; Storm Versicherungsmakler UG (haftungsbeschränkt)</p>



<p><img loading="lazy" decoding="async" width="250" height="250" class="wp-image-89" style="width: 250px;" src="https://selchow.de/wp/wp-content/uploads/2025/06/Unbenannt.jpg" alt="" srcset="https://selchow.de/wp/wp-content/uploads/2025/06/Unbenannt.jpg 225w, https://selchow.de/wp/wp-content/uploads/2025/06/Unbenannt-150x150.jpg 150w" sizes="auto, (max-width: 250px) 100vw, 250px" /> <br><strong>Holger Storm</strong></p>



<p>Holger Storm gründete und führte den Versicherungsmakler viele Jahre.</p>



<p>Er hat sich auf das Bauhaupt- und Baunebengewerbe spezialisiert und seine Kunden mit hoher Expertise umfassend beraten und betreut.</p>



<p>Im Sommer 2025 war es an der Zeit die Unternehmensnachfolge umszusetzen und Herr Storm hat sich für unser Haus entschieden. Darüber haben wir uns sehr gefreut.</p>



<p>In den nächsten Jahren wird Herr Storm an Board bleiben und sich auch weiterhin seine Kunden betreuen.<br><br>Dennoch wird das Büro und Jan Selchow parallel für die Kunden als Ansprechpartner zur Verfügung stehen und eng mit Herrn Storm die Vorgänge besprechen. </p>



<p>Wir werden bei der Administration und Verwaltung mit unseren modernen Systemen übernehmen. Der vollständige Übergang und das Ausscheiden von Herrn Storm wird sich langsam vollziehen.</p>



<p></p>

<p>Hahn &amp; Storm Versicherungsmakler UG (haftungsbeschränkt) Holger Storm Holger Storm gründete und führte den Versicherungsmakler [&hellip;]</p>
